e 8, what is -10037167 + 0?
-10037167
In base 9, what is -323421 + 146?
-323264
In base 13, what is 11b0 + -b4046?
-b2b66
In base 15, what is 81 + 18d31?
18db2
In base 16, what is 4 + 245bb7?
245bbb
In base 14, what is 0 - -8048b6?
8048b6
In base 15, what is 6ee8 - 1638?
58b0
In base 13, what is -35 + 846738?
846703
In base 14, what is -9b8b - -366?
-9825
In base 5, what is 2130241032 + 10?
2130241042
In base 14, what is -1a879b63 - -3?
-1a879b60
In base 10, what is 116 + 4926?
5042
In base 8, what is 105 + 442325?
442432
In base 13, what is 1391b41bb + 5?
1391b41c3
In base 10, what is 381852 + 101?
381953
In base 11, what is 14 + 741825?
741839
In base 13, what is 2070688 - -1a?
20706a5
In base 2, what is 1100010001110 - -10001010110111?
11101101000101
In base 16, what is 9 - 442c033?
-442c02a
In base 3, what is -1000211211010 + 1022?
-1000211202211
In base 3, what is 12112 + 212201122112?
212201212001
In base 5, what is -24 + 1244214101?
1244214022
In base 12, what is -2 + 339b4a2?
339b4a0
In base 10, what is -102262 + 105?
-102157
In base 11, what is -19 - 44293a?
-442958
In base 10, what is 94184 + -273?
93911
In base 13, what is 1a2ab + 1916?
1bbc4
In base 14, what is -1 + -2864757a?
-2864757b
In base 10, what is -2 + -105884710?
-105884712
In base 3, what is 12102200002 + 211202?
12110111211
In base 15, what is -2eaaded + 6?
-2eaade7
In base 16, what is 4 - 3d50f8f?
-3d50f8b
In base 13, what is -95 + 18c610?
18c548
In base 13, what is 4 - 2bc816?
-2bc812
In base 3, what is 21001121 - -10220120210?
11011122101
In base 4, what is -20021311 - 111131?
-20133102
In base 15, what is -49ce587 + 1?
-49ce586
In base 13, what is -12384c + -58c?
-12410b
In base 10, what is -6314 - 9185?
-15499
In base 3, what is -212002 - 120010222?
-121000001
In base 16, what is 1a40b0 - 8?
1a40a8
In base 2, what is 10100 - -101101000011010000?
101101000011100100
In base 6, what is 1510223 + -4553?
1501230
In base 14, what is -7 - 2054bc?
-2054c5
In base 5, what is -4414133 - 234413?
-10204101
In base 13, what is -153 - -30656?
30503
In base 12, what is 2336a091a - -4?
2336a0922
In base 13, what is 2 + 1434ab?
1434b0
In base 13, what is -c180 + 82?
-c0cb
In base 6, what is 321 - 335101?
-334340
In base 7, what is 4 - 23140216?
-23140212
In base 5, what is -40232303230 + -3?
-40232303233
In base 6, what is 3141333 - -111?
3141444
In base 3, what is 201120010222 - 10?
201120010212
In base 6, what is -1210 - 35123010?
-35124220
In base 12, what is -2700b88 - -2?
-2700b86
In base 10, what is 133 + 182560?
182693
In base 16, what is 2c6298 + 3f?
2c62d7
In base 16, what is -27a5ceb - -2?
-27a5ce9
In base 16, what is 4f23241 + 0?
4f23241
In base 9, what is 2754022 - -161?
2754183
In base 5, what is 1 + -11324141021?
-11324141020
In base 3, what is -11222 + 20002010012?
20001221020
In base 16, what is -2255c22 + 5?
-2255c1d
In base 11, what is 2228a + 1428?
23707
In base 13, what is 7a6 - -9b9a?
a673
In base 4, what is 13320130333121 + -10?
13320130333111
In base 7, what is 110445246 - 36?
110445210
In base 10, what is -217117 + -79?
-217196
In base 2, what is -101100010000011011001 - 1011?
-101100010000011100100
In base 10, what is 4 - -10482571?
10482575
In base 2, what is 1101011011100010101011000 + -1110?
1101011011100010101001010
In base 13, what is -b578063 - 1?
-b578064
In base 15, what is -1401270 - -4?
-140126b
In base 14, what is 49c44c - 155?
49c2d7
In base 2, what is -10100010001 + 10100000000?
-10001
In base 13, what is -5 + bb2a888?
bb2a883
In base 15, what is -133 + 9b5ba?
9b487
In base 16, what is 8 + 620bb8?
620bc0
In base 15, what is 48dd - -2dd?
4bcb
In base 4, what is 2311 + 111130201?
111133112
In base 4, what is 1110121 - 3020233?
-1310112
In base 14, what is 1a + -1195aa?
-119590
In base 4, what is 21220 + -132312?
-111032
In base 15, what is -5d00 + -28e?
-608e
In base 13, what is -4 + 1364ab99?
1364ab95
In base 9, what is -26 + -22685?
-22722
In base 15, what is 57 + -9a3d1?
-9a379
In base 11, what is 0 - 2345612?
-2345612
In base 12, what is -47752 - 127?
-47879
In base 6, what is 13 - -2343521305?
2343521322
In base 9, what is 42152 - -721?
42873
In base 2, what is 10000101101101110000010 - 11110?
10000101101101101100100
In base 2, what is 100100110001 + 11000101111110001?
11001010100100010
In base 15, what is -1ea2 + 12d7?
-bba
In base 12, what is -482051bb - 6?
-48205205
In base 13, what is -174304 + -3c?
-174343
In base 3, what is 22202011210 - -10102222?
22212121202
In base 12, what is -40 + -ab440?
-ab480
In base 2, what is -1100111111111010101000 + -101110?
-1100111111111011010110
In base 14, what is -127212 + -7?
-127219
In base 14, what is 7 - -3d2008?
3d2011
In base 5, what is -23 + -1322104002?
-1322104030
In base 8, what is 24752474 - -3?
24752477
In base 2, what is 100 - 10101010101111100110001?
-10101010101111100101101
In base 7, what is -10 - 65136601?
-65136611
In base 14, what is 239 + 9da77?
9dcb2
In base 15, what is 53577282 + -4?
5357727d
In base 4, what is -21201 + -10220032?
-10301233
In base 6, what is 13 - 151513321?
-151513304
In base 15, what is -12a + 6a85b?
6a731
In base 13, what is 54cc4 + -11b?
54ba6
In base 10, what is 5 - -2976175?
2976180
In base 6, what is 210322341 - 1030?
210321311
In base 16, what is 11 - ad10?
-acff
In base 7, what is -2 - -2356025063?
2356025061
In base 4, what is 333233131 - 223?
333232302
In base 5, what is -132344401202 + 1?
-132344401201
In base 13, what is 5 - -286c6070?
286c6075
In base 7, what is -234252 - 0?
-234252
In base 13, what is 5 + -33acc8?
-33acc3
In base 5, what is 3 - 13110431242?
-13110431234
In base 7, what is 16046 + -11225?
4521
In base 11, what is -344a + -a124?
-12573
In base 14, what is -cdcccb - 3?
-cdccd0
In base 10, what is 8255 + 1759?
10014
In base 8, what is 36250 + -11754?
24274
In base 8, what is 2 - 33131711?
-33131707
In base 14, what is 22950 - -7?
22957
In base 8, what is 3307020 + -4?
3307014
In base 11, what is -3486a6 + 1?
-3486a5
In base 16, what is df133 + -f?
df124
In base 3, what is 1202 - -22021001110?
22021010012
In base 7, what is 366144203 + -4?
366144166
In base 6, what is -154354140 + -4?
-154354144
In base 3, what is 1122121210102000 + -10?
1122121210101220
In base 11, what is 5 + 11522a956?
11522a960
In base 10, what is 5761 + 5637?
11398
In base 12, what is 2b91 + -1242?
194b
In base 13, what is b2b36 + -42b?
b2708
In base 15, what is 1 + 3241624?
3241625
In base 12, what is -30508 + 12b6?
-2b212
In base 9, what is 2078584266 + -5?
2078584261
In base 15, what is 5 - -8a18292?
8a18297
In base 6, what is 34231 - -10111?
44342
In base 7, what is -4 - 13003232150?
-13003232154
In base 10, what is -597 - -4262?
3665
In base 5, what is 3 + -1401440?
-1401432
In base 2, what is 111111101100100 + 1111011011100?
1001111001000000
In base 3, what is 1101102102101022001 + 11?
1101102102101022012
In base 12, what is 3022287 + -5?
3022282
In base 14, what is 3 - -5c887b?
5c8880
In base 6, what is -20440 + -202434?
-223314
In base 2, what is -11 - 1100000110110010011010?
-1100000110110010011101
In base 16, what is -4 + -79f672?
-79f676
In base 13, what is 896 - -c9228?
c9ac1
In base 14, what is -293425 - -1?
-293424
In base 11, what is 5320154 + -1?
5320153
In base 8, what is 364125 - 5641?
356264
In base 8, what is -156 - 77001?
-77157
In base 3, what is 110000011111 - -102?
110000011220
In base 16, what is 598389 + 8?
598391
In base 9, what is 34007055 - -8?
34007064
In base 16, what is 2ed4a7 - -1?
2ed4a8
In base 6, what is -1250322 + -12141?
-1302503
In base 10, what is -129275 + -4?
-129279
In base 3, what is 1210010101 - -2022222?
1212110100
In base 6, what is 435554 + -5351?
430203
In base 9, what is -113073 + -1758?
-114842
In base 7, what is -5 + 113423235?
113423230
In base 11, what is 74 + -655011?
-654a48
In base 11, what is 14637175 - 4?
14637171
In base 13, what is 45 - 2b77a?
-2b735
In base 11, what is 3 + 2094249?
2094251
In base 3, what is 22 - -10022122002110201?
10022122002111000
In base 12, what is 8 - 7867298?
-7867290
In base 5, what is 103212 + -12013014?
-11404302
In base 8, what is -2 - -40514062?
40514060
In base 7, what is -2012643103 - 5?
-2012643111
In base 9, what is -611136 - -10?
-611126
In base 12, what is 20b7102 +